o(l) - k(l). What is r(4)?
0
Let q = 90 - 88. Let w(l) be the second derivative of -1/3*l**3 - 1/12*l**4 + 9*l + 3/2*l**q + 0. What is w(-3)?
0
Let n = 2 + 1. Let g(c) = -c**2 - c**2 + 3 + 3*c**2 - n*c - 6*c. Give g(9).
3
Let h = -79 + 76. Let j(w) = -5*w**3 + 10*w**2 + 11*w + 3. Let y(t) = -9*t**3 + 19*t**2 + 21*t + 6. Let f(x) = 11*j(x) - 6*y(x). Determine f(h).
3
Let x(m) = m. Let o(l) = -l**2 + 11*l - 3. Let n(d) = -o(d) + 6*x(d). Suppose 0 = 2*z + 3*c - 42, -c = -3*z + 9 + 32. Suppose -2*j - j + z = 0. Give n(j).
3
Let s(k) = -2*k**3 + k**2 - k - 1. Let u(g) = 3*g**3 + g**2 + 3*g + 2. Let p(d) = -s(d) - u(d). What is p(-1)?
0
Suppose 0*x = -x + 4*y + 7, -4*x = 4*y - 8. Let m(h) = -3*h + 16. Let o(n) = n - 5. Let k(z) = -m(z) - 4*o(z). What is k(x)?
1
Let d(v) be the second derivative of -v**3/6 + 5*v**2/2 - v. Let b = 53 - 47. What is d(b)?
-1
Let q = 17 - 17. Let l be 0/(2 + -3 + q) - 0. Let w(v) = -10 + 4*v**2 + v - 2*v - v**2 - 4*v**2. Give w(l).
-10
Let m be (54/36)/(2/(-4)). Let q(w) = -w**2 - 2*w - 2. What is q(m)?
-5
Let c(j) be the first derivative of j**6/180 - j**5/60 - 11*j**3/3 + 5. Let a(h) be the third derivative of c(h). Give a(2).
4
Let q be 2/((-16)/(-3)) + (-2877)/(-1096). Let h(x) = -x**3 + 4*x**2 - 2*x + 3. What is h(q)?
6
Suppose 9*x = 12*x + 189. Let b = 64 + x. Let s(z) = -2*z**3 - z**2 - z + 2. Let i(w) = w**3 + w**2 + 2*w - 3. Let g(c) = -2*i(c) - 3*s(c). Calculate g(b).
4
Let a(v) = -2*v - 25. Let m be a(-17). Let n(p) = -12*p + 34*p - 12*p - m*p. Calculate n(6).
6
Let h be (-1 - (1 + -5 - -4))*-2. Let t(a) = h*a**3 + 3*a**2 + 3*a - 2*a - 2*a**2 + 2*a**2. Suppose j + 0*j - 4*i - 18 = 0, -4*j = -4*i - 12. Determine t(j).
-6
Let l be (-1 - -1)*(2 + -3). Let r(p) = -p**3 + 22*p**2 + 2*p - 21. Let y be r(22). Let c(h) = -y - 2*h + h - h**2 + 20. What is c(l)?
-3
Suppose 0 = -s - 2*s + 5*j - 2, -s + 2 = j. Let t be ((-2)/(-4))/(s/6). Suppose -2 = -t*x - 23. Let v(g) = g**3 + 6*g**2 - 7*g + 8. Give v(x).
8
Let n be -2*(-3)/(-36) - (-8)/6. Let k(c) be the third derivative of 0 + 0*c + 1/6*c**4 - 7/60*c**5 + 6*c**2 + 1/120*c**6 + n*c**3. Determine k(6).
-5
Let s(w) be the second derivative of w**3/6 - 3*w**2 - 9*w - 2. Give s(-5).
-11
Let m(a) = 6*a**2 - 20. Let r(u) = -8*u**2 + u + 22. Let o(w) = -5*m(w) - 4*r(w). Determine o(6).
60
Suppose 2*c - 10 = -2. Let w = -1 + c. Let x be w/9 - (-1)/(-3). Let h(n) = -n**3 - n**2 - 5. Calculate h(x).
-5
Let k(g) = -4*g + 28*g**2 - 14 - 11*g - 29*g**2. Determine k(-14).
0
Suppose -3*b = z + 22, -3*b + 0*b - 4*z = 34. Let s(p) be the first derivative of p**2/2 + 2*p + 1. Let a be s(b). Let l(w) = -w + 5. Determine l(a).
9
Let q(c) = -c**2 - 7*c + 3. Let s be q(-7). Let w(n) = -n**2 - 7 + 4 - 2*n + n**3 - 1. Determine w(s).
8
Let b(l) = -2*l + 3. Suppose 11*u = 6*u + 4*j - 26, -4*j - 22 = 3*u. What is b(u)?
15
Let o be (-10 + 210/20)*2. Let s(p) = -15*p**3 + 2*p**2 - 2*p + 1. Determine s(o).
-14
Let a(h) = 2*h**3 + 8 - 11*h**2 - 11*h - 3*h**3 - 26 + 21*h. What is a(-12)?
6
Let o = -5 + 4. Let m(v) be the second derivative of -v**3 + v**2/2 + 3*v. Give m(o).
7
Let f = -2 + 4. Suppose 2*n - 99 = -9*n. Let s(r) = -16*r - 3*r**f + n*r + 6 + r + 2*r**2. Give s(-6).
6
Let z(o) be the third derivative of o**6/120 - o**5/15 - o**4/4 - 10*o**2. What is z(5)?
-5
Let k(i) = -11 - 11 + i + 17 + 7. Determine k(-4).
-2
Let q(h) be the third derivative of h**5/30 + 7*h**4/24 + 5*h**3/6 - 2*h**2 + 14*h. Give q(-4).
9
Let n(z) = 6*z**2 + 0*z**2 + 4792*z**3 - 4791*z**3 + z**2 - 2*z - 5. Suppose 0 = d + 10 - 3. What is n(d)?
9
Let m(c) = -2*c**3 + c**2 + c - 1. Let p(w) = 6*w**3 - 19*w**2 - 10*w + 9. Let s(g) = -4*m(g) - p(g). What is s(-7)?
2
Let q be (-6)/(-45)*-6*(-60)/24. Let l(c) = -6 + 3 + 2*c + 2*c. Calculate l(q).
5
Let u(p) be the third derivative of p**6/120 - p**5/30 - p**4/8 - 2*p**3/3 + 52*p**2. Determine u(3).
-4
Suppose 0 = -2*f + 4*g, -2*f + f - 2 = -4*g. Suppose -4*w + 2*m = 8, -3*w - f*m = -6*m + 6. Let n(y) = y + 2. Calculate n(w).
0
Let u(f) = 38 + 2*f**2 + 4*f**2 + 14*f**2 + 27*f. Let a = -40 - -23. Let k(z) = 7*z**2 + 9*z + 13. Let x(h) = a*k(h) + 6*u(h). Determine x(-6).
-11
Let i(y) = -y. Let v(u) = -3*u + 1. Let l(g) = 6*i(g) - v(g). Give l(-3).
8
Suppose z - 3 = -4*h + 1, -2*z = -5*h + 5. Let t(a) = 2*a - 3. Calculate t(z).
-3
Let x(p) = -2*p - 1. Let m(y) = 4. Let o(g) = m(g) + x(g). Determine o(-5).
13
Let s(u) be the third derivative of -2*u**4/3 + u**3/6 - 381*u**2. Determine s(1).
-15
Let v(u) = u**2 - 4*u - 8. Let i be v(6). Let c = i - 0. Let n(z) = 4*z - 4*z**2 - c*z. Calculate n(1).
-4
Let l be 120/(-18) + (-6)/(-9). Let v(f) be the first derivative of -2 - 1/3*f**3 + 3*f - 5/2*f**2. What is v(l)?
-3
Let m(x) = 12 - 7*x + 11*x**3 + 8 - 23 + 2*x**2. Let r(s) = -11*s**3 - 3*s**2 + 9*s + 4. Let z(d) = -4*m(d) - 3*r(d). Determine z(-1).
11
Let t(s) = -4*s**3 - s**2 + 1. Suppose -3*f + 0*f = 72. Let v = 27 + f. Suppose v*q + 6 = -3*i, -i - 1 = i - q. What is t(i)?
4
Let d(i) = 22*i + 20. Let j(g) = -19*g - 19. Let w(k) = 6*d(k) + 7*j(k). Calculate w(-10).
-3
Let i(d) = d**2 + d + 1. Let x(p) = -6*p**2 - 3*p - 4. Let j(b) = -5*i(b) - x(b). Calculate j(-4).
23
Let r(q) be the second derivative of q**6/120 - 7*q**5/60 + q**4/3 - 2*q**3/3 + q**2/2 + 26*q. Let g(m) be the first derivative of r(m). Calculate g(6).
8
Let x(d) = d**2 + 8*d + 6. Let v(r) = r**2 - 6*r - 10. Let h be v(8). Let b = 9 - h. Suppose -3*o = -b*i - 30, -4*i - 44 = 2*o - 7*o. What is x(i)?
-6
Let w(z) = 107*z**3 - 7*z**2 + z**2 - 147*z**3 + 6*z**2. Give w(-1).
40
Let n(c) = 7*c + 4 - c**2 - 1 + 0 - 4. Let m = -5 - -11. Calculate n(m).
5
Let d(t) = 22*t + 6. Let h be (-7)/(-3)*9/3. Let u(r) = 15*r + 4. Let y(a) = h*u(a) - 5*d(a). Calculate y(-3).
13
Let l(s) be the second derivative of 1/2*s**3 - 10*s + 0 - s**2. Let f be (-5)/(-5) - (-4 - (-4 + 2)). Calculate l(f).
7
Let g(o) be the first derivative of o**4/4 - 5*o**3/3 + 3*o - 2. Let s be ((-78)/8)/(-3) + (-270)/(-360). Calculate g(s).
-13
Suppose -7*h = -5*h. Suppose -5 = s - 3*g, h = 3*s - 5*s + 3*g - 1. Let v(y) = -y + y**3 + 2*y - 3 - 4*y**2 + 0*y**2. What is v(s)?
1
Let a(o) = -10*o**2 - 10*o - 9. Let z(x) = -19*x**2 - 22*x - 20. Let r(p) = 9*a(p) - 4*z(p). Determine r(-1).
-13
Let m(v) = v**2 - 7*v + 3. Let n(b) = b**2 - b + 1. Let p(y) = m(y) - 2*n(y). Determine p(-6).
-5
Let c(x) = x**2 - 15*x + 17. Let f be c(14). Let q(k) = k**3 - 5*k**2 + 4*k + 10. What is q(f)?
4
Let v(p) = p**3 + 3*p**2 + 4*p + 2. Let a = 46 + -49. Let k be ((-7)/3 + 3)*a. Calculate v(k).
-2
Suppose -16 = 6*a + 32. Let g(n) = -n**3 - 7*n**2 + 6*n - 1. Give g(a).
15
Let u(v) = v - 5. Let b be (6/(-8))/(1/48). Let w be (-136)/b - 6/(-27). Suppose 5*i - 3*i - 20 = -w*s, 0 = -3*i - 2*s + 18. What is u(i)?
-1
Let b(f) = -4*f + 1. Let x be b(0). Let y(k) = -6*k - 4. What is y(x)?
-10
Let b(y) = -y**2 - 4*y - 3. Let j = -38 - -7. Let l = j + 29. Calculate b(l).
1
Let c(x) = -x**2 - 3*x + 1928 - 1924 - 4*x. Give c(-7).
4
Let o(q) = -4*q**3 + 24*q**2 - 15*q + 16. Let x(i) = i**3 - 6*i**2 + 4*i - 4. Let u(j) = -2*o(j) - 9*x(j). Let z = 4728 - 4723. Determine u(z).
-1
Let o(v) = -v**2 + 10*v - 9. Let x(k) = k**2 - 11*k + 9. Let c(l) = 3*o(l) + 2*x(l). Give c(8).
-9
Let i(x) be the second derivative of -x**3/3 + 4*x**2 - 84*x. Let b be 10 - 4/((-4)/(-2)). Determine i(b).
-8
Suppose -3 + 23 = 3*s + 4*o, -s = 5*o - 14. Let x(l) = s*l + 4*l - 7*l - 4. What is x(6)?
2
Let m(i) = 3*i - 320 + 6*i + 306 - 4*i. What is m(3)?
1
Let a be (-40)/5 + (-1)/1. Let t be a/(-6)*8/3. Let x(k) = -4 + k + 2*k - 5*k + k. Determine x(t).
-8
Let i(w) = 30 - 43 + 4 + 5*w + 3. What is i(-5)?
-31
Let n = 1383 - 1367. Let r(z) = -2*z + 24. Determine r(n).
-8
Let o(a) be the third derivative of a**5/60 - a**4/8 - a**3/3 + 121*a**2. Give o(4).
2
Let u(x) = -3*x**3 - x**2 + 1. Let w be u(-1). Let h be (-4)/(-3) - (-20)/3. Let a(i) = -h - 3 - 2*i + 0*i + w. What is a(-6)?
4
Let b(a) = -2*a + 7. Suppose 5*v + 8 = 18. Let m be b(v). Let x(g) = g**2 - 3*g + 1. Give x(m).
1
Let s(d) = 2*d**2 - 86*d + 85. Let t be s(42). Let v(k) = -5*k - 3*k + 9*k + 27*k**3 - 8*k**3. What is v(t)?
20
Suppose 0 = 3*h - 9, 3*q + 53 - 50 = -2*h. Suppose -15 = -3*b - 6. Let f(p) = 4*p + 4. Let a(t) = -11*t - 13. Let s(i) = b*a(i) + 8*f(i